nd 22?
2
Calculate the greatest common factor of 1970 and 15628010.
1970
What is the greatest common factor of 405837 and 27?
27
Calculate the highest common divisor of 16768 and 6784.
128
Calculate the highest common factor of 35 and 1915.
5
Calculate the highest common factor of 6825 and 46917.
39
Calculate the greatest common factor of 50353 and 3483.
43
Calculate the highest common factor of 1029948 and 12.
12
Calculate the greatest common factor of 24 and 893652.
12
Calculate the greatest common divisor of 554598 and 126.
18
What is the highest common factor of 2024802 and 5304?
1326
What is the highest common divisor of 4493450 and 100?
50
Calculate the highest common factor of 26277 and 209.
19
What is the highest common factor of 341386 and 131?
131
Calculate the greatest common factor of 3864 and 1722.
42
Calculate the greatest common factor of 352275 and 1342.
671
Calculate the highest common factor of 57792 and 14.
14
What is the highest common factor of 118849 and 14383?
757
What is the greatest common divisor of 24909 and 304?
19
What is the highest common factor of 455 and 910091?
91
What is the highest common divisor of 294 and 731346?
42
Calculate the highest common factor of 2627129 and 1173.
391
What is the highest common factor of 4002 and 2378?
58
What is the highest common divisor of 6432 and 9916?
268
Calculate the highest common divisor of 588 and 1056.
12
What is the greatest common factor of 13614 and 84?
6
What is the greatest common factor of 19184 and 110?
22
What is the highest common divisor of 310202 and 258?
86
Calculate the greatest common divisor of 2451 and 202143.
129
Calculate the greatest common divisor of 3520 and 69344.
352
What is the highest common factor of 67989 and 21222?
393
What is the greatest common divisor of 87006 and 306?
102
Calculate the greatest common divisor of 67251 and 174.
87
What is the highest common divisor of 102108 and 1143?
381
What is the greatest common factor of 61791 and 129?
129
What is the greatest common divisor of 52244 and 1702?
74
Calculate the greatest common divisor of 36192 and 192.
96
What is the highest common factor of 275295 and 15?
15
What is the highest common divisor of 156086 and 14?
14
Calculate the highest common factor of 44986 and 14525.
83
Calculate the highest common divisor of 6480 and 16560.
720
What is the highest common factor of 85942 and 1746?
194
Calculate the greatest common factor of 130 and 2215655.
65
What is the greatest common factor of 45820 and 27255?
395
Calculate the highest common factor of 940 and 2143435.
235
Calculate the highest common divisor of 45 and 85335.
15
What is the highest common divisor of 104 and 243256?
104
What is the greatest common factor of 462 and 239162?
154
Calculate the greatest common factor of 60650 and 200.
50
What is the greatest common divisor of 92166 and 30?
6
What is the greatest common factor of 89 and 6874004?
89
Calculate the greatest common divisor of 3625 and 1653.
29
Calculate the greatest common divisor of 2785748 and 122.
122
What is the highest common divisor of 242330 and 440?
110
What is the highest common factor of 1650 and 2454?
6
Calculate the highest common factor of 35659 and 422.
211
What is the highest common factor of 29 and 2536949?
29
Calculate the greatest common divisor of 1232 and 1036.
28
What is the highest common factor of 1307872 and 224?
32
What is the highest common divisor of 40 and 418420?
20
What is the greatest common factor of 30 and 1727?
1
Calculate the greatest common factor of 22246 and 44038.
454
What is the highest common factor of 9581 and 121264?
143
Calculate the greatest common divisor of 1979910 and 60.
30
Calculate the highest common divisor of 928 and 24012.
116
What is the highest common factor of 3444408 and 77?
11
What is the greatest common divisor of 6 and 2756526?
6
Calculate the greatest common factor of 20 and 1959730.
10
What is the greatest common factor of 108777 and 404?
101
Calculate the greatest common factor of 2110 and 42310.
10
What is the highest common divisor of 177756 and 24?
12
Calculate the highest common divisor of 140604 and 36.
12
What is the highest common factor of 8416 and 32?
32
What is the greatest common factor of 1090423 and 1?
1
What is the highest common divisor of 78185 and 5?
5
Calculate the greatest common factor of 148 and 168202.
74
What is the greatest common divisor of 1680 and 20958?
42
Calculate the highest common divisor of 1001 and 46423.
13
What is the greatest common divisor of 3723 and 162571?
1241
What is the greatest common divisor of 340 and 352172?
68
Calculate the greatest common factor of 1095696 and 1512.
504
What is the highest common divisor of 183 and 141?
3
Calculate the highest common factor of 1015 and 74515.
35
Calculate the highest common factor of 140 and 286580.
140
What is the greatest common divisor of 2430 and 2130?
30
Calculate the highest common factor of 735 and 1680.
105
Calculate the greatest common divisor of 12 and 213002.
2
What is the greatest common factor of 132187 and 671?
671
Calculate the highest common factor of 624286 and 1690.
338
What is the greatest common factor of 56 and 8480?
8
What is the greatest common factor of 49 and 910?
7
Calculate the highest common divisor of 69842 and 153058.
1486
Calculate the highest common factor of 40 and 39952.
8
What is the greatest common divisor of 6567 and 11517?
33
Calculate the greatest common factor of 36 and 482787.
9
What is the greatest common divisor of 1082641 and 7?
7
Calculate the greatest common factor of 27 and 188847.
9
What is the highest common factor of 2608 and 7619272?
1304
Calculate the greatest common factor of 1988 and 27548.
284
What is the highest common factor of 11888 and 464?
16
What is the greatest common divisor of 13854154 and 38?
38
Calculate the greatest common divisor of 14 and 4632.
2
Calculate the greatest common divisor of 1610 and 24840.
230
Calculate the highest common factor of 28824 and 24.
24
What is the greatest common factor of 113151 and 3?
3
What is the greatest common factor of 2 and 898?
2
Calculate the highest common factor of 1855 and 233359.
371
What is the highest common divisor of 12989 and 403?
31
Calculate the greatest common divisor of 1820 and 4970.
70
Calculate the highest common factor of 36669 and 2329.
17
Calculate the highest common factor of 158498 and 1824.
38
What is the greatest common factor of 1599 and 507?
39
Calculate the highest common factor of 25515 and 7350.
105
What is the greatest common factor of 708 and 13983?
177
What is the greatest common divisor of 1005 and 1532290?
335
Calculate the greatest common factor of 13 and 676117.
13
What is the greatest common factor of 4160 and 699712?
832
Calculate the highest common divisor of 18632 and 5576.
136
What is the highest common factor of 1775 and 275?
25
Calculate the highest common divisor of 161 and 489463.
23
Calculate the greatest common divisor of 435 and 2874.
3
Calculate the highest common divisor of 39 and 69511.
13
Calculate the greatest common factor of 7913 and 15440.
193
Calculate the greatest common factor of 692355 and 1919.
101
What is the greatest common factor of 6095 and 13250?
265
What is the greatest common factor of 11808 and 3168?
288
Calculate the greatest common factor of 86 and 12004912.
86
What is the greatest common divisor of 402 and 23785134?
402
What is the highest common factor of 1639451 and 309?
103
Calculate the greatest common factor of 5348 and 4228.
28
Calculate the greatest common divisor of 1369986 and 6.
6
Calculate the greatest common divisor of 1156 and 1300789.
289
Calculate the greatest common factor of 26092 and 44.
44
What is the highest common factor of 899 and 31?
31
What is the greatest common divisor of 34280 and 16?
8
What is the highest common factor of 11696 and 102?
34
Calculate the highest common factor of 5872160 and 392.
392
Calculate the highest common divisor of 3963070 and 1110.
370
What is the highest common factor of 127052 and 368?
92
What is the greatest common divisor of 115736 and 1088?
136
Calculate the greatest common divisor of 451592 and 3192.
152
What is the greatest common divisor of 232 and 10411?
29
What is the greatest common facto